 w is divided by y?
7
Suppose -70*m = -10*m - 10*m - 322350. Calculate the remainder when m is divided by 13.
12
Suppose -4*i = -5*p - 247, -5*i - 83 + 433 = 2*p. Let m(g) be the second derivative of g**3/3 + 4*g**2 - 7*g. Calculate the remainder when i is divided by m(8).
20
Let b = 13933 + -13876. What is the remainder when 795 is divided by b?
54
Let h = -293 - -323. Let d = 71 - 43. What is the remainder when h is divided by d?
2
Suppose 0 = -5*j + 412 - 32. Suppose 0 = -2*m + n + j, -3*m + 119 = n - 0*n. Calculate the remainder when m is divided by 21 + 25/15*-3.
7
Let b = 478 - 473. Suppose 3*d = b*o + 182, 5*d + 5*o - 350 = 4*o. Calculate the remainder when d is divided by 39.
30
Let j(d) = 106*d**3 + d**2 + 3*d - 5. What is the remainder when j(2) is divided by 274?
31
Let s = 4 - -5. Calculate the remainder when -5 - -37 - 6/36*12 is divided by (26 - s)/((-1)/(-1)).
13
What is the remainder when 943 is divided by (-30)/(-12)*(-12 - -10) - (-87 - -3)?
74
Let f be (9 + -12)*(-2)/(1 - 3). Calculate the remainder when -29*((-84)/(-7))/f is divided by (0 + -6)/(2/(-5)).
11
Suppose -2*x + b + 302 = 0, -121 = -2*x + 3*b + 173. What is the remainder when x is divided by 39?
36
Let w = -811 - -1178. What is the remainder when w is divided by 38?
25
Suppose -37*d = -36*d - 63. Suppose -2*k = -83 + d. Let n = 31 - -8. What is the remainder when n is divided by k?
9
Let w be 45/(-60)*(-6 + 2). Suppose w*q - 14*q = -4972. What is the remainder when q is divided by 65?
62
Let y(l) = l**2 + 88*l + 1061. What is the remainder when 697 is divided by y(-14)?
22
What is the remainder when -7 + (-9)/(-18)*160 is divided by 22?
7
Suppose -62*g + 61*g + 2 + 122 = 0. Calculate the remainder when g is divided by 57.
10
Suppose 79*y + 119*y - 1855 = 2105. Calculate the remainder when 9017 is divided by y.
17
Calculate the remainder when 476 is divided by (-119 - 1/(0 - -1))*(-138)/414.
36
Let b(h) = 4149*h - 10623. Calculate the remainder when b(8) is divided by 132.
129
Let x(n) = -2*n + 59. Let p(t) = t**3 + 4*t**2 - 8*t - 13. Let o be p(-4). Calculate the remainder when 165 is divided by x(o).
18
Let z(x) = x**3 - 5*x**2 + 20*x - 3. Calculate the remainder when 477 is divided by z(3).
9
Calculate the remainder when ((-132)/(-7))/((-51)/(-7378)) is divided by 78.
76
Suppose 36*o = 24*o + 28*o - 960. What is the remainder when 10918 is divided by o?
58
Let m(j) = 17*j + 543. Let y be m(0). Let r = y - 473. Calculate the remainder when 275 is divided by r.
65
Let n = 2063 - 2013. Calculate the remainder when 52 is divided by n.
2
Let a = -1308 - -1528. What is the remainder when a is divided by 57?
49
Suppose -10*b - 1378 = -358. What is the remainder when 2/(6/(-9)) + (-51 - b) is divided by 27?
21
Suppose -3064 = -98*m + 106*m. Let f = m + 453. Calculate the remainder when 138 is divided by f.
68
Suppose 14*s - 56*s = 9534. Let q = -215 - s. What is the remainder when 273 is divided by q?
9
Let k(c) = 6*c + 41. Let b be k(14). Suppose -2*y = -b + 37. Calculate the remainder when y is divided by 8.
4
Suppose -21*d + 140 = 2*i - 19*d, 0 = -i + 5*d + 40. Let j(l) = 14*l - 23. Calculate the remainder when j(24) is divided by i.
53
Let j be (-16)/(-12)*-6 + 213. Let m = j + 52. Calculate the remainder when m is divided by 13.
10
Suppose -523 = 4*q - 3*b, -46 = 4*b - 50. Let s = -50 - q. What is the remainder when 319 is divided by s?
79
Suppose -22 = -5*k + 43. Suppose h - k = -15. Calculate the remainder when 165 is divided by (20/12)/(-5)*(h + -40).
11
Let n = -9342 - -16831. Calculate the remainder when n is divided by 10.
9
Suppose -2*x - 453 = -5*x. Let s(h) = 309*h + 7747. Calculate the remainder when x is divided by s(-25).
19
Let w = 2327 - 2247. Suppose -7*o - 750 = -12*o. What is the remainder when o is divided by w?
70
Let j(g) be the second derivative of 2*g**3/3 + 16*g**2 - 21*g + 2. Calculate the remainder when 37 is divided by j(-6).
5
Suppose -515 = -3*u + 295. Calculate the remainder when u is divided by (-6)/9*(-9 + (-1365)/15 + -2).
66
Let b(o) = -4*o. Let u be b(-4). Suppose u*v + 400 = 17*v. What is the remainder when ((-17)/34)/((-2)/v) is divided by 17?
15
Suppose 7*x = -3*x - 990. Let k = 111 + x. What is the remainder when 46 is divided by k?
10
Let m be ((-90)/9 + 66)/(2 + 0). Suppose -5*w - 18 = -3, -5*w - 21 = -2*z. Suppose -z*s - s = -m. What is the remainder when s is divided by 5?
2
Let u(i) = 3*i**2 + 67*i + 81. Let y(k) = -k**3 - 14*k**2 + 10. Calculate the remainder when u(-22) is divided by y(-14).
9
Suppose 4*i = -t + 57 + 60, -3*i + 94 = 2*t. Let l(h) = -73*h. Let k be l(2). Let w = -94 - k. Calculate the remainder when w is divided by i.
24
Calculate the remainder when (7232/20 - 0) + (-154)/(-110) is divided by 16.
11
Suppose 3*a = -3 + 12. Let l = -12853 + 12883. Calculate the remainder when l is divided by (-47)/(-3) - (-1)/a.
14
Let n = -4236 + 4871. What is the remainder when n is divided by 6?
5
Let v be (4/8)/((-1)/14). Calculate the remainder when 358 is divided by -2 - (v/(-21))/(1/(-141)).
43
Suppose 2*o = 0, -o + 4*o - 93 = -3*t. Suppose -34*k + 231 = -t*k. What is the remainder when k is divided by 26?
25
Let n = -670 - -671. What is the remainder when 5 is divided by n?
0
Suppose 2 = 8*i + 18. Let k be i/3 + 110/3. Suppose 26*t = 24*t + k. What is the remainder when 69 is divided by t?
15
Let t(w) = w**2 + 54*w + 20. Suppose -2*g = -8, -33 = -5*b + 4*g + 426. Suppose -5*u - b = -390. Calculate the remainder when u is divided by t(-54).
19
Let c be 2 + 4 + -5 + 1*82. Suppose -3*a + 31 + c = -3*b, 5*a - b = 202. Suppose 0 = -5*k - 0*k + 105. What is the remainder when a is divided by k?
20
Let z = -23284 - -23288. Calculate the remainder when 2554 is divided by z.
2
Suppose 0 = -4*p - 4, 14*h - 5*p = 17*h - 16. Suppose h*f - 120 = 167. What is the remainder when 163 is divided by f?
40
Suppose -i + 14*v + 31 = 11*v, -v = i - 7. What is the remainder when 2/1 + 33*1 is divided by i?
9
Let g be 533/(-615) - (-2)/(-15). What is the remainder when ((-2)/4)/(2/(-208)) is divided by 22/((0 - g)/(1/2))?
8
Let m = 9 + 1. Let l = 74788 + -74742. Calculate the remainder when l is divided by (-6)/(m/(-8) + 1).
22
Let h = 33 - 31. Suppose h*x - 1011 = -949. Calculate the remainder when 154 is divided by x.
30
Let d(t) = t**3 + 7*t**2 + 7*t + 3. Let x = 14 - 19. Calculate the remainder when d(x) is divided by (2 - (7 - 3)) + (0 - -13).
7
Let v = 766 + -771. What is the remainder when 55 is divided by v + -1 + (-4 - -13)?
1
What is the remainder when 1321 is divided by -21*(-188)/28 - 2*-3?
145
Suppose 0 = -4*u + 4, -26 = -y + 1721*u - 1718*u. Calculate the remainder when 13164 is divided by y.
27
Let t = 15907 + -15503. Calculate the remainder when t is divided by 71.
49
Let u(h) = 3*h**2 + 9*h - 28. Calculate the remainder when u(14) is divided by 77.
70
Suppose 2*b = -x + 2 + 11, -5 = -b - x. Let o(u) = -9*u + 5. Suppose 0 = 7*h - 0*h + 14. Calculate the remainder when o(h) is divided by b.
7
Let c = -1685 - -1856. Calculate the remainder when c is divided by 45 + 1/(1/(-2)).
42
Suppose t - 2*t + 94 = 5*z, 3*z - 58 = -t. Let s(f) = -17*f + 2*f**2 + f**2 - 2*f**2 + 4*f - z. Calculate the remainder when 46 is divided by s(15).
10
Let m be (6 - 4 - -6)*1. Let w = m - -33. Calculate the remainder when w is divided by (-4)/(-10) - (-68)/5.
13
Suppose b + 3 = -2*t - 48, -2*b - 81 = -3*t. Let s = 47 + b. Let i = s + 2. Calculate the remainder when i is divided by 2.
0
Suppose -3*s - 5*r = -5*s + 759, 0 = 5*r - 25. Calculate the remainder when s is divided by 199.
193
Suppose 22*h - 544 = -10*h. Let y(c) = c**3 - 18*c**2 + 17*c + 9. What is the remainder when 36 is divided by y(h)?
0
Let c = 12416 + 23953. What is the remainder when c is divided by 37?
35
Suppose 0 = -4*d + 221 + 195. Let n be (6 - 6) + (-5 - (-6)/(-3)). Let l(k) = 6*k + 69. Calculate the remainder when d is divided by l(n).
23
Let g be 0 - (-2)/4 - (-69)/6. Suppose 14*n - g*n = 12. Calculate the remainder when (1382/26 + n/(-39))/1 is divided by 14.
11
Let w = -3005 + 3175. Calculate the remainder when w is divided by 151.
19
Let p(k) = 9*k + 171. Let y be p(19). Let i = 348 - y. What is the remainder when 117 is divided by i?
3
What is the remainder when (-68